and 2240?
70
What is the highest common divisor of 703 and 76?
19
What is the highest common factor of 114 and 3534?
114
Calculate the greatest common divisor of 623 and 7.
7
Calculate the highest common divisor of 1440 and 135.
45
Calculate the greatest common divisor of 20381 and 229.
229
What is the highest common factor of 64995 and 21?
21
Calculate the highest common divisor of 304 and 48.
16
What is the highest common factor of 70 and 560?
70
Calculate the highest common divisor of 14 and 469.
7
What is the highest common divisor of 155 and 2015?
155
What is the greatest common factor of 11176 and 88?
88
Calculate the greatest common divisor of 54 and 171.
9
What is the highest common divisor of 39 and 663?
39
What is the highest common factor of 192 and 36?
12
What is the highest common divisor of 648 and 1062?
18
Calculate the greatest common factor of 36 and 12.
12
Calculate the highest common factor of 1566 and 12.
6
Calculate the greatest common divisor of 9 and 2367.
9
Calculate the greatest common factor of 20 and 40.
20
What is the highest common divisor of 48 and 81552?
48
What is the greatest common factor of 3476 and 110?
22
Calculate the greatest common divisor of 3872 and 64.
32
What is the highest common divisor of 3409 and 7?
7
What is the greatest common divisor of 9540 and 360?
180
Calculate the highest common factor of 48 and 56.
8
Calculate the greatest common divisor of 38 and 95.
19
Calculate the greatest common factor of 68 and 68.
68
What is the highest common factor of 249 and 83?
83
What is the greatest common divisor of 134 and 469?
67
Calculate the greatest common factor of 920 and 2024.
184
Calculate the highest common divisor of 242 and 198.
22
Calculate the greatest common factor of 60 and 16.
4
What is the highest common factor of 21 and 84?
21
What is the highest common divisor of 12944 and 16?
16
What is the highest common factor of 19 and 32?
1
What is the greatest common divisor of 144 and 1488?
48
Calculate the greatest common factor of 320 and 1184.
32
Calculate the greatest common factor of 3860 and 140.
20
Calculate the highest common divisor of 534 and 42.
6
What is the highest common divisor of 42 and 12?
6
What is the highest common factor of 124 and 61?
1
What is the greatest common factor of 3599 and 708?
59
Calculate the greatest common divisor of 28 and 56.
28
What is the highest common factor of 989 and 46?
23
Calculate the highest common factor of 6 and 723.
3
What is the greatest common factor of 96 and 33?
3
What is the highest common divisor of 59 and 59?
59
What is the greatest common divisor of 300 and 18?
6
What is the highest common factor of 244 and 61?
61
What is the highest common divisor of 10 and 185?
5
What is the highest common factor of 12 and 19776?
12
What is the greatest common divisor of 44 and 55?
11
Calculate the greatest common divisor of 24 and 9.
3
What is the greatest common factor of 18 and 27?
9
What is the highest common factor of 90 and 200?
10
Calculate the greatest common divisor of 90 and 110.
10
What is the highest common factor of 17 and 3791?
17
Calculate the greatest common factor of 6177 and 71.
71
Calculate the highest common factor of 2024 and 32.
8
What is the highest common factor of 12 and 1134?
6
Calculate the greatest common factor of 50 and 4100.
50
Calculate the greatest common factor of 688 and 8428.
172
Calculate the highest common factor of 13148 and 95.
19
What is the highest common divisor of 34 and 6239?
17
What is the greatest common divisor of 14 and 1701?
7
What is the highest common factor of 130 and 20?
10
What is the highest common divisor of 153 and 2363?
17
Calculate the highest common divisor of 5026 and 7.
7
Calculate the greatest common divisor of 1984 and 32.
32
What is the greatest common divisor of 32 and 656?
16
Calculate the greatest common factor of 17010 and 1575.
315
Calculate the greatest common divisor of 2666 and 62.
62
Calculate the greatest common divisor of 105 and 147.
21
What is the greatest common divisor of 400 and 30?
10
What is the highest common divisor of 249 and 9?
3
Calculate the highest common factor of 437 and 19.
19
What is the greatest common factor of 78 and 6214?
26
Calculate the greatest common divisor of 117 and 247.
13
What is the greatest common factor of 3728 and 48?
16
Calculate the greatest common factor of 5 and 5.
5
Calculate the highest common divisor of 126 and 48.
6
What is the highest common factor of 62 and 775?
31
What is the highest common divisor of 5796 and 315?
63
Calculate the greatest common factor of 12 and 36.
12
Calculate the highest common factor of 1232 and 77.
77
Calculate the greatest common factor of 675 and 3900.
75
Calculate the highest common factor of 4697 and 44.
11
Calculate the greatest common factor of 2873 and 51.
17
Calculate the highest common divisor of 64 and 3264.
64
Calculate the greatest common divisor of 138 and 322.
46
What is the greatest common divisor of 17 and 7803?
17
Calculate the highest common factor of 11 and 143.
11
Calculate the greatest common factor of 39 and 6604.
13
What is the greatest common divisor of 10484 and 4?
4
Calculate the greatest common divisor of 392 and 6.
2
What is the highest common divisor of 1728 and 64?
64
What is the highest common factor of 174 and 609?
87
Calculate the greatest common factor of 198 and 44.
22
Calculate the highest common divisor of 32 and 18000.
16
What is the highest common divisor of 2183 and 111?
37
Calculate the highest common divisor of 2574 and 66.
66
Calculate the highest common factor of 680 and 56.
8
What is the highest common factor of 15 and 2710?
5
Calculate the greatest common factor of 1736 and 1116.
124
What is the greatest common divisor of 32 and 432?
16
Calculate the greatest common factor of 475 and 50.
25
Calculate the highest common factor of 99 and 385.
11
What is the greatest common divisor of 15 and 120?
15
What is the highest common divisor of 142 and 6106?
142
Calculate the greatest common divisor of 924 and 88.
44
Calculate the highest common factor of 3450 and 6.
6
Calculate the highest common divisor of 256 and 80.
16
Calculate the highest common factor of 67 and 201.
67
What is the greatest common factor of 7 and 216?
1
Calculate the highest common factor of 5 and 40.
5
Calculate the highest common divisor of 27 and 1359.
9
Calculate the highest common divisor of 848 and 16.
16
What is the greatest common factor of 884 and 44?
4
Calculate the greatest common factor of 124 and 1054.
62
Calculate the highest common factor of 59 and 944.
59
What is the greatest common divisor of 759 and 330?
33
Calculate the greatest common factor of 1380 and 180.
60
What is the highest common divisor of 342 and 3135?
57
What is the highest common factor of 56 and 3080?
56
What is the highest common factor of 21 and 133?
7
What is the highest common factor of 3792 and 2?
2
Calculate the greatest common divisor of 10 and 720.
10
What is the greatest common divisor of 36 and 3?
3
Calculate the highest common factor of 45 and 360.
45
Calculate the highest common factor of 2107 and 344.
43
Calculate the greatest common divisor of 4 and 568.
4
What is the greatest common factor of 2154 and 6?
6
What is the highest common factor of 13943 and 73?
73
Calculate the greatest common factor of 24 and 27192.
24
What is the greatest common divisor of 340 and 20?
20
Calculate the highest common factor of 228 and 2793.
57
What is the highest common factor of 205 and 12095?
205
What is the highest common factor of 2330 and 10?
10
Calculate the greatest common factor of 220 and 132.
44
Calculate the highest common divisor of 722 and 456.
38
Calculate the highest common factor of 255 and 2125.
85
Calculate the greatest common factor of 155 and 3317.
31
What is the highest common divisor of 110 and 10?
10
Calculate the highest common divisor of 60 and 840.
60
Calculate the highest common factor of 5494 and 268.
134
What is the highest common factor of 8 and 816?
8
What is the highest common factor of 120 and 2952?
24
Calculate the highest common factor of 180 and 36.
36
Calculate the highest common factor of 30 and 912.
6
Calculate the greatest common factor of 168 and 6576.
24
What is the highest common 